9666?
137
Calculate the remainder when 154808 is divided by 401.
22
What is the remainder when 112872 is divided by 16064?
424
What is the remainder when 6414619 is divided by 1603646?
35
Calculate the remainder when 65250 is divided by 509.
98
What is the remainder when 2236080 is divided by 1566?
1398
What is the remainder when 196875 is divided by 924?
63
What is the remainder when 96907 is divided by 2233?
888
Calculate the remainder when 2599728 is divided by 62.
6
What is the remainder when 261062 is divided by 26105?
12
Calculate the remainder when 4131240 is divided by 715.
685
Calculate the remainder when 1346525 is divided by 34524.
89
What is the remainder when 437106557 is divided by 176?
173
What is the remainder when 5082211 is divided by 1694000?
211
What is the remainder when 104688 is divided by 255?
138
What is the remainder when 565962 is divided by 597?
6
Calculate the remainder when 1430102 is divided by 119150.
302
Calculate the remainder when 514029 is divided by 1315.
1179
What is the remainder when 1714239 is divided by 160?
159
Calculate the remainder when 101660 is divided by 50825.
10
Calculate the remainder when 165048 is divided by 681.
246
What is the remainder when 2849624 is divided by 31662?
44
Calculate the remainder when 9038541 is divided by 839.
833
Calculate the remainder when 2591427 is divided by 515.
462
What is the remainder when 11044546 is divided by 204?
190
Calculate the remainder when 171598 is divided by 85778.
42
What is the remainder when 58060 is divided by 28721?
618
Calculate the remainder when 9567380 is divided by 627.
614
What is the remainder when 2460833 is divided by 153802?
1
Calculate the remainder when 2338042 is divided by 10928.
10378
Calculate the remainder when 154797 is divided by 8182.
7521
What is the remainder when 8397709 is divided by 394?
387
What is the remainder when 37773341 is divided by 397?
379
Calculate the remainder when 980637 is divided by 54.
51
Calculate the remainder when 119999 is divided by 104.
87
What is the remainder when 160567311 is divided by 49?
44
What is the remainder when 8223102 is divided by 168?
6
What is the remainder when 6172978 is divided by 6172956?
22
Calculate the remainder when 31421 is divided by 257.
67
Calculate the remainder when 960972 is divided by 28246.
608
What is the remainder when 25152 is divided by 3116?
224
What is the remainder when 4328188 is divided by 61?
55
Calculate the remainder when 42982273 is divided by 1170.
1153
What is the remainder when 17155659 is divided by 3431131?
4
Calculate the remainder when 737834 is divided by 147564.
14
What is the remainder when 254284318 is divided by 7430?
7428
Calculate the remainder when 323611 is divided by 11984.
43
Calculate the remainder when 110162743 is divided by 956.
951
What is the remainder when 7137598 is divided by 184?
54
What is the remainder when 3934896 is divided by 18917?
160
What is the remainder when 537170 is divided by 368?
258
What is the remainder when 36623178 is divided by 2034620?
18
Calculate the remainder when 2424943 is divided by 173.
2
Calculate the remainder when 68367894 is divided by 51.
48
What is the remainder when 664028 is divided by 89?
88
Calculate the remainder when 64046054 is divided by 521.
45
Calculate the remainder when 106375 is divided by 11818.
13
What is the remainder when 1983717 is divided by 1983704?
13
What is the remainder when 14506017 is divided by 35?
22
Calculate the remainder when 162275 is divided by 541.
516
What is the remainder when 128426998 is divided by 5772?
5770
What is the remainder when 1993782007 is divided by 131?
128
Calculate the remainder when 636897 is divided by 212233.
198
Calculate the remainder when 151461 is divided by 25173.
423
What is the remainder when 2458509 is divided by 36154?
37
What is the remainder when 443327 is divided by 147759?
50
Calculate the remainder when 2322 is divided by 1953.
369
What is the remainder when 667313 is divided by 18033?
92
What is the remainder when 18418998 is divided by 45?
3
What is the remainder when 43746338 is divided by 6?
2
Calculate the remainder when 38014920 is divided by 832.
8
What is the remainder when 7945 is divided by 183?
76
What is the remainder when 34007 is divided by 10474?
2585
What is the remainder when 2646560 is divided by 213?
35
Calculate the remainder when 23432419 is divided by 409.
400
Calculate the remainder when 689124 is divided by 591.
18
What is the remainder when 4564545 is divided by 326038?
13
Calculate the remainder when 119253533 is divided by 4966.
9
Calculate the remainder when 2903336 is divided by 315.
296
Calculate the remainder when 162879 is divided by 269.
134
What is the remainder when 3031812 is divided by 58?
36
What is the remainder when 83450159 is divided by 714?
695
Calculate the remainder when 3313759 is divided by 225.
184
Calculate the remainder when 24559 is divided by 12177.
205
What is the remainder when 26141 is divided by 163?
61
Calculate the remainder when 76208 is divided by 10511.
2631
What is the remainder when 587827 is divided by 190924?
15055
What is the remainder when 358309143 is divided by 39?
36
Calculate the remainder when 1189735 is divided by 44064.
7
Calculate the remainder when 99996 is divided by 6230.
316
What is the remainder when 42256 is divided by 8446?
26
What is the remainder when 230411 is divided by 19146?
659
What is the remainder when 1840203 is divided by 262884?
15
Calculate the remainder when 13821886 is divided by 424.
334
Calculate the remainder when 4111591 is divided by 37378.
11
What is the remainder when 2162349 is divided by 22?
13
Calculate the remainder when 154188 is divided by 4847.
3931
Calculate the remainder when 115570 is divided by 14160.
2290
Calculate the remainder when 3452714 is divided by 215792.
42
Calculate the remainder when 5585127 is divided by 3168.
3111
What is the remainder when 7000 is divided by 1473?
1108
Calculate the remainder when 4151279 is divided by 138374.
59
What is the remainder when 3060261 is divided by 612040?
61
Calculate the remainder when 4819 is divided by 1815.
1189
Calculate the remainder when 273643 is divided by 9.
7
What is the remainder when 246878 is divided by 35229?
275
What is the remainder when 10914397 is divided by 1364291?
69
Calculate the remainder when 3418069 is divided by 683611.
14
Calculate the remainder when 18608 is divided by 1441.
1316
What is the remainder when 61286587 is divided by 39?
37
What is the remainder when 60155848 is divided by 25?
23
What is the remainder when 17843 is divided by 17417?
426
Calculate the remainder when 25331 is divided by 25164.
167
What is the remainder when 133837 is divided by 131155?
2682
What is the remainder when 4133088 is divided by 1033268?
16
What is the remainder when 17228721 is divided by 2025?
21
What is the remainder when 231174 is divided by 230939?
235
What is the remainder when 6305702 is divided by 1576417?
34
Calculate the remainder when 73392460 is divided by 18348114.
4
Calculate the remainder when 3172160 is divided by 15.
5
Calculate the remainder when 2042992 is divided by 791.
630
Calculate the remainder when 195881 is divided by 111.
77
Calculate the remainder when 157980 is divided by 806.
4
What is the remainder when 5593633 is divided by 2641?
2636
What is the remainder when 49357433 is divided by 1476?
1469
Calculate the remainder when 9653115 is divided by 283913.
73
What is the remainder when 67738 is divided by 16912?
90
Calculate the remainder when 51467159 is divided by 47.
44
Calculate the remainder when 4018603 is divided by 574085.
8
What is the remainder when 537524 is divided by 494?
52
Calculate the remainder when 451975 is divided by 41069.
216
Calculate the remainder when 147837 is divided by 1802.
73
Calculate the remainder when 4493425 is divided by 9.
4
What is the remainder when 1102546 is divided by 172?
26
What is the remainder when 223312 is divided by 7968?
208
What is the remainder when 216843 is divided by 7264?
6187
Calculate the remainder when 6914105 is divided by 50.
5
Calculate the remainder when 573100 is divided by 102.
64
Calculate the remainder when 15913 is divided by 938.
905
What is the remaind